e 15) in base 2?
-1011011100100010101101
-202222112120 (base 3) to base 11
-262331
Convert -dcc3 (base 16) to base 8.
-156303
What is -5102505 (base 8) in base 16?
-148545
What is b4634 (base 14) in base 7?
3460364
1536320 (base 7) to base 8
634242
77dcd4 (base 16) to base 3
112210002110122
Convert 110010010110100001011 (base 2) to base 16.
192d0b
What is 3285469 (base 10) in base 12?
1125391
Convert 14352740 (base 8) to base 7.
36521625
What is -1017760 (base 8) in base 12?
-110528
What is -355421404 (base 6) in base 9?
-13550644
What is 831a597 (base 11) in base 16?
e0108f
Convert 10120304112 (base 5) to base 6.
1005124531
Convert 12250051 (base 7) to base 15.
16c3d1
171771 (base 8) to base 12
30189
Convert 1010331104 (base 5) to base 9.
3752885
Convert -1b09a (base 14) to base 10.
-68736
Convert 162562366 (base 7) to base 2.
101010000111011110100111
-111101111100011111101111 (base 2) to base 6
-1340014331
68229 (base 13) to base 2
101110001110000011
What is 110001111111010101010 (base 2) in base 13?
454786
What is -12201210010 (base 3) in base 14?
-2d19a
What is 10605610 (base 8) in base 2?
1000110000101110001000
Convert -10110110010000011100 (base 2) to base 4.
-2312100130
What is -299378 (base 11) in base 9?
-780568
Convert 22b02 (base 14) to base 9.
137784
What is 2a7d (base 14) in base 11?
5752
-1021110220 (base 3) to base 7
-133164
-155c845 (base 14) to base 3
-201122200020201
-26236535 (base 7) to base 4
-21020333132
-2427664 (base 9) to base 10
-1317847
-1b68aa (base 13) to base 11
-43902a
What is 25138aa (base 12) in base 11?
40a8026
Convert 32143601 (base 7) to base 5.
1144434122
Convert 21a45aa (base 13) to base 15.
d8cce9
-427a00 (base 11) to base 5
-133342023
Convert -24011443 (base 7) to base 8.
-10055715
Convert 10101110011101111001001 (base 2) to base 13.
1252205
Convert 3defd1 (base 16) to base 15.
552a5e
What is -425904 (base 10) in base 11?
-270a96
What is -95963 (base 10) in base 5?
-11032323
What is 1111112220220 (base 3) in base 15?
10b783
What is 110000000011011101011110 (base 2) in base 10?
12597086
Convert 13525531 (base 9) to base 15.
8c2227
774544 (base 13) to base 2
1010101101101101011011
What is 402032 (base 5) in base 15?
3bb2
What is 10010001110100000 (base 2) in base 3?
10210102001
Convert 20ee03 (base 15) to base 3.
2221201110210
-13999 (base 12) to base 4
-12223011
-178787 (base 15) to base 7
-12465523
Convert 2a5cc (base 13) to base 7.
452354
Convert -3142324 (base 7) to base 2.
-1011100110100110001
What is -11dd747 (base 14) in base 15?
-b4e46a
Convert -1a27c (base 13) to base 2.
-1100011100011100
1dbd7b (base 14) to base 5
233220243
220202221102 (base 3) to base 15
99758
-26aa5 (base 14) to base 12
-47261
97a7 (base 16) to base 8
113647
154015 (base 7) to base 13
1098a
-3736a3 (base 11) to base 8
-2201210
What is 54138 (base 14) in base 5?
23001202
1001101000101000010101 (base 2) to base 12
a19785
-463071 (base 11) to base 5
-142023441
Convert b1dda1 (base 15) to base 3.
120220100011221
Convert -44790c (base 16) to base 15.
-5d9926
-3157344 (base 10) to base 13
-867168
Convert -22030313 (base 5) to base 15.
-3b208
What is -184622 (base 9) in base 16?
-1c10f
What is -53127 (base 8) in base 11?
-15674
What is -1011012000011 (base 3) in base 4?
-2111312332
Convert 5267773 (base 8) to base 12.
57904b
Convert 1298827 (base 10) to base 3.
2102222122201
-b8b92 (base 12) to base 13
-86b67
Convert -1012303013 (base 4) to base 14.
-77979
Convert -143914 (base 10) to base 12.
-6b34a
Convert -1015306 (base 8) to base 4.
-1001223012
Convert 604d64 (base 15) to base 9.
8538584
Convert -110011001000101000 (base 2) to base 11.
-1333a8
Convert -9457a (base 12) to base 16.
-2f72e
Convert 1000134342 (base 5) to base 13.
53770c
What is -8316a8 (base 14) in base 12?
-1592b84
Convert -bb2c9a (base 13) to base 16.
-4336cf
Convert -26958 (base 15) to base 4.
-132023120
12220200010 (base 3) to base 7
663234
Convert b4258 (base 13) to base 6.
10533030
21200110 (base 3) to base 9
7613
What is a65b3 (base 12) in base 8?
652727
What is -7142545 (base 8) in base 4?
-13030111211
-1366287 (base 12) to base 9
-7244374
Convert -55174 (base 9) to base 5.
-2132343
-24348 (base 15) to base 3
-12212102112
Convert 449b55 (base 12) to base 10.
1095473
What is 13300124 (base 6) in base 10?
443284
Convert -3023031 (base 4) to base 9.
-18750
What is -41101410 (base 7) in base 15?
-47b0b9
14424122 (base 5) to base 12
75794
What is -172850 (base 9) in base 12?
-51bb3
-22c25 (base 15) to base 13
-3b531
What is 11001120012222 (base 3) in base 8?
10163777
1a01a (base 11) to base 13
c969
What is 6269 (base 15) in base 7?
114432
What is -2a7aa (base 11) in base 5?
-2343214
Convert 103200432 (base 5) to base 14.
b7a8b
What is -99634 (base 13) in base 16?
-43d77
-1100100101010110 (base 2) to base 11
-357a7
Convert 12720033 (base 8) to base 9.
5336765
-1103464 (base 8) to base 11
-192a59
Convert 41b8a (base 13) to base 16.
1ce8e
-466552 (base 15) to base 8
-14647616
What is -3245150 (base 6) in base 14?
-42daa
Convert -1343334 (base 6) to base 8.
-224252
What is 1130222430 (base 5) in base 11?
1506990
-300455 (base 6) to base 16
-5bd3
What is 2576762 (base 9) in base 11?
882706
7064483 (base 9) to base 2
1110010110101001010000
What is 17451 (base 13) in base 5?
2412212
What is 117c42 (base 15) in base 10?
836387
What is -241368 (base 9) in base 5?
-14123001
Convert 3100543 (base 6) to base 14.
3bcbd
-1002200 (base 4) to base 8
-10240
Convert 13445450 (base 6) to base 14.
bc9ca
Convert -3cb8c8 (base 13) to base 9.
-2708283
What is 10022000121012 (base 3) in base 15?
24929e
Convert 5c86 (base 14) to base 4.
3330332
What is -ab48b4 (base 15) in base 14?
-1127da6
Convert 10110101111111011011101 (base 2) to base 12.
1bb7111
What is -563746 (base 10) in base 9?
-1048274
Convert -422330 (base 7) to base 8.
-216264
What is -bf081e (base 16) in base 6?
-1124200234
1159a9 (base 11) to base 6
3533443
Convert 37c3a (base 13) to base 11.
70543
What is 11200111002 (base 3) in base 16?
1682f
What is 200121032 (base 4) in base 2?
100000011001001110
-5609c1 (base 13) to base 3
-10211002222000
What is b644a (base 15) in base 12?
23a667
Convert 1100111010110101011111 (base 2) to base 14.
642327
What is 423195 (base 10) in base 11?
269a53
-1554243 (base 7) to base 2
-110100100010010110
Convert -15a19a0 (base 11) to base 5.
-1144211011
-30541254 (base 6) to base 13
-24c5bc
Convert -1b2eb3 (base 15) to base 4.
-11003303232
Convert 1552b8 (base 12) to base 14.
95ab2
Convert 105a2d (base 14) to base 5.
120203140
-21220010012211 (base 3) to base 7
-50440543
254146 (base 13) to base 2
11011010010111000110
What is 10111101000111111011100 (base 2) in base 15?
826327
What is -12313042 (base 5) in base 13?
-42693
-11135002 (base 6) to base 7
-2612216
Convert 11111111110001000100 (base 2) to base 10.
1047620
Convert -111123051 (base 6) to base 5.
-1004023010
Convert 347473 (base 8) to base 5.
12243322
Convert 11220310132 (base 4) to base 6.
51402114
Convert 1ee7e9 (base 15) to base 14.
2b6c93
What is -9bc338 (base 13) in base 5?
-1420321401
-18715 (base 9) to base 5
-403344
1102211112122 (base 3) to base 12
30a42b
What is -1442624 (base 9) in base 13?
-21b320
101020212111 (base 3) to base 12
9897a
-99234 (base 14) to base 15
-74d53
12012010021 (base 3) to base 8
307404
What is 261d2 (base 16) in base 13?
5609a
What is -1003342140 (base 5) in base 16?
-1eb40a
Convert -252436 (base 16) to base 15.
-331337
3444010123 (base 5) to base 13
1800238
-4487c (base 13) to base 10
-124487
What is 17d6be (base 15) in base 6?
40502242
Convert 1100111111010100011010 (base 2) to base 11.
1a1631a
-6198ba (base 12) to base 15
-203784
What is 112045403 (base 6) in base 2?
111110110110000001011
Convert -1a9842 (base 14) to base 11.
-598527
What is -5021614 (base 7) in base 6?
-20420331
-234403543 (base 6) to base 11
-2548031
What is 158897 (base 16) in base 8?
5304227
3332343 (base 5) to base 6
1130413
9c70 (base 13) to base 11
154a2
What is 122301 (base 8) in base 15?
c76c
Convert -1302428 (base 9) to base 3.
-1100002110222
Convert 11122012112002 (base 3) to base 16.
259a90
What is 70c432 (base 15) in base 6?
310453132
What is 121055023 (base 6) in base 8?
10577727
What is -7616e (base 16) in base 2?
